n base 7, what is -122 + 4?
-115
In base 6, what is 432 - 1?
431
In base 7, what is 132 + -5?
124
In base 14, what is 9 - 20?
-15
In base 9, what is -47 + -5?
-53
In base 16, what is 3 - -9e?
a1
In base 4, what is 12321 - -3?
12330
In base 16, what is -18 - 0?
-18
In base 16, what is -105 - -1?
-104
In base 11, what is 130 - 2?
129
In base 3, what is -12210201 - 1?
-12210202
In base 13, what is -7 - -504?
4ca
In base 4, what is -1202 + -10310?
-12112
In base 9, what is 1 + -2212?
-2211
In base 5, what is 22 - -134?
211
In base 7, what is -14 + 22?
5
In base 5, what is -22 - 432?
-1004
In base 13, what is -7 + -c7?
-101
In base 16, what is b7 - 4?
b3
In base 3, what is -120021 - 0?
-120021
In base 6, what is -42410 - -1?
-42405
In base 2, what is -10 - 10110100011?
-10110100101
In base 8, what is 5 + -66?
-61
In base 4, what is -22013 + 12?
-22001
In base 14, what is -6c - -3?
-69
In base 12, what is -6 - -8?
2
In base 13, what is 0 + 53?
53
In base 3, what is 221 + 122?
1120
In base 9, what is -33 - -54?
21
In base 8, what is 55 - -3?
60
In base 7, what is -4 - 604?
-611
In base 8, what is -267 + 74?
-173
In base 6, what is -53 + 4?
-45
In base 11, what is -11 + -38?
-49
In base 7, what is -15426 - -2?
-15424
In base 3, what is 1010 + 20?
1100
In base 7, what is 3 - 555?
-552
In base 2, what is -1100 - -10111110001?
10111100101
In base 13, what is -35 - 5?
-3a
In base 16, what is 21d3 + 3?
21d6
In base 5, what is -441 - -2?
-434
In base 12, what is 59 + -6?
53
In base 12, what is 18 - -3a?
56
In base 13, what is ac + -3?
a9
In base 4, what is 2 - 2310?
-2302
In base 13, what is 466 - 7?
45c
In base 3, what is 1022222100 - -12?
1022222112
In base 16, what is -27 + 19?
-e
In base 14, what is 7c07 + 1?
7c08
In base 8, what is 614 + -2?
612
In base 4, what is 12221 - -10?
12231
In base 13, what is 3 - -255c?
2562
In base 16, what is 0 - 71?
-71
In base 9, what is -4 + -72?
-76
In base 13, what is 142b + -4?
1427
In base 2, what is -100001 - 101010101?
-101110110
In base 7, what is -14 + -3403?
-3420
In base 6, what is 1 + -2240?
-2235
In base 12, what is -5 - -30?
27
In base 11, what is 900 + 3?
903
In base 14, what is 2b6 - -4?
2ba
In base 13, what is -226 - -2?
-224
In base 9, what is -4 - -35?
31
In base 4, what is 22 + -133?
-111
In base 5, what is 0 + -1043?
-1043
In base 14, what is 1 + -17?
-16
In base 2, what is -100 - 1111001010?
-1111001110
In base 8, what is -10240 + -3?
-10243
In base 16, what is -a + a0?
96
In base 15, what is -180 - 1?
-181
In base 9, what is -3 + -344?
-347
In base 7, what is 111 - 4?
104
In base 7, what is -2 + -133?
-135
In base 8, what is 6 - -2477?
2505
In base 10, what is -32 - -3?
-29
In base 9, what is 55 - 408?
-343
In base 11, what is -1031 - 2?
-1033
In base 6, what is -3 + -35?
-42
In base 8, what is -3454 + 5?
-3447
In base 15, what is -b6 + 2a?
-8b
In base 7, what is -120 - 1?
-121
In base 2, what is -110001000111 + 101?
-110001000010
In base 6, what is -325 + 103?
-222
In base 7, what is -5352 - -2?
-5350
In base 3, what is -10 - -2222?
2212
In base 3, what is 12121 - 12?
12102
In base 6, what is 1303 + -24?
1235
In base 13, what is -83 - 54?
-107
In base 12, what is 3a9 + b?
3b8
In base 12, what is 0 - -876?
876
In base 15, what is 63 + 5?
68
In base 9, what is -366 + -6?
-373
In base 4, what is 32313 - 3?
32310
In base 14, what is -6a - 46?
-b2
In base 7, what is 5 - 14121?
-14113
In base 3, what is 2 - -1001110?
1001112
In base 14, what is -3 - 129a?
-129d
In base 11, what is 2 - a9?
-a7
In base 2, what is -101100110111 - -101?
-101100110010
In base 9, what is 4 + 3247?
3252
In base 8, what is 25 - -4?
31
In base 10, what is 3 + -259?
-256
In base 3, what is -120 + 122?
2
In base 7, what is 2153 + 16?
2202
In base 9, what is 21 + 4?
25
In base 14, what is 6ab9 - 2?
6ab7
In base 8, what is -716 - 1?
-717
In base 4, what is -2020 + -2?
-2022
In base 13, what is 452 + -7?
448
In base 4, what is 3321 - 12?
3303
In base 2, what is -1101100011 - 1?
-1101100100
In base 7, what is 4 - 103?
-66
In base 9, what is -183 + -5?
-188
In base 15, what is -4e + -6?
-55
In base 4, what is 2 + 11131?
11133
In base 4, what is -3333031 - -1?
-3333030
In base 14, what is -4 - 4a?
-50
In base 7, what is -253 - 1?
-254
In base 16, what is -174c - -1?
-174b
In base 5, what is -311 - 0?
-311
In base 10, what is 7563 + 0?
7563
In base 8, what is 0 - 1745?
-1745
In base 7, what is -11 - 245?
-256
In base 3, what is -100112 - -1022?
-22020
In base 16, what is -28e - 0?
-28e
In base 3, what is 20 + -20011?
-12221
In base 7, what is -45 - 3?
-51
In base 9, what is 5 + 3712?
3717
In base 13, what is 1 - -17bb?
17bc
In base 14, what is 23 - 3?
20
In base 16, what is 3 + -a5?
-a2
In base 16, what is -1 - 3c?
-3d
In base 7, what is 523 + -101?
422
In base 10, what is 15 - 19?
-4
In base 11, what is 134 - -32?
166
In base 11, what is -1 + 376?
375
In base 11, what is 845 - 1?
844
In base 14, what is -5 - 42?
-47
In base 10, what is -49 - 0?
-49
In base 2, what is 11000110 - -101?
11001011
In base 10, what is 3 - 414?
-411
In base 4, what is -2213 + 11?
-2202
In base 7, what is 6 - 220?
-211
In base 4, what is -1230001 + -11?
-1230012
In base 7, what is 0 + -4520?
-4520
In base 5, what is 10 - -44021?
44031
In base 9, what is -2780 + -5?
-2785
In base 3, what is -11222 + 11?
-11211
In base 16, what is -9 - 3b?
-44
In base 8, what is 5 + 3230?
3235
In base 12, what is -20 + 1a?
-2
In base 11, what is 560a + 4?
5613
In base 12, what is -9 - -366?
359
In base 2, what is 10101000011101 + 10?
10101000011111
In base 11, what is 135 - -5?
13a
In base 3, what is -1 - 101?
-102
In base 15, what is 69 + 5?
6e
In base 9, what is -244 + -11?
-255
In base 5, what is 4 + 2432?
2441
In base 15, what is -69 + -4?
-6d
In base 15, what is -1e - 0?
-1e
In base 16, what is d8 - -2?
da
In base 3, what is -12012 + 1111?
-10201
In base 11, what is -952 + -5?
-957
In base 14, what is 0 + 6b?
6b
In base 2, what is -1001001 - -11?
-1000110
In base 6, what is 21321 - -5?
21330
In base 4, what is 1330020 - 10?
1330010
In base 6, what is -153 - -1?
-152
In base 4, what is 2012 + 2?
2020
In base 16, what is 13 - -b?
1e
In base 10, what is -187 + -4?
-191
In base 6, what is 11 - -253?
304
In base 14, what is 7ba - 5?
7b5
In base 9, what is 3 - 201?
-187
In base 3, what is -22021 + 2?
-22012
In base 15, what is -8 + -1e8?
-201
In base 4, what is 12 + -2?
10
In base 10, what is -1 + 68?
67
In base 12, what is 47 + -2?
45
In base 12, what is 5 - 1?
4
In base 2, what is -111 - -1001110010?
1001101011
In base 3, what is -200 - -101201?
101001
In base 14, what is -99a + 8?
-992
In base 10, what is 9 - 538?
-529
In base 15, what is 29 + 1a?
44
In base 4, what is -2110 - -200?
-1310
In base 11, what is 0 - 2896?
-2896
In base 2, what is 11 + 100010111?
100011010
In base 13, what is 4 + -c2?
-bb
In base 13, what is 2 + -266?
-264
In base 3, what is 11100 - -10?
11110
In base 8, what is 360 - -3?
363
In base 14, what is 5 - 71?
-6a
In base 15, what is 4ba - -4?
4be
In base 16, what is 138 + 4?
13c
In base 7, what is 242 - 2?
240
In base 8, what is -177 - -7?
-170
In base 16, what is 4 + cd?
d1
In base 15, what is 3 - -65?
68
In base 10, what is 3 - -42?
45
In base 4, what is -311 + 1301?
330
In base 6, what is -553 - 0?
-553
In base 14, what is -d9 + -2?
-db
In base 3, what is 12022 + -1122?
10200
In base 10, what is -149 - -3?
-146
In base 8, what is -1 - -365?
364
In base 13, what is 920 - -5?
925
In base 11, what is 4 - -3?
7
In base 4, what is -302 - -110?
-132
In base 7, what is 3100 + -4?
3063
In base 4, what is -301223 + 2?
-301221
In base 11, what is 4 + 2?
6
In base 11, what is 328 + -3?
325
In base 14, what is 1 - -d8?
d9
In base 16, what is -1 - 68a?
-68b
In base 16, what is -14 - -1?
-13
In base 13, what is 2 - 18a?
-188
In base 6, what is 11 - -23?
34
In base 11, what is -10 - -180?
170
In base 13, what is 343 - 4?
33c
In base 8, what is -2223 - -2?
-2221
In base 16, what is 310 - 5?
30b
In base 12, what is -9 - -19?
10
In base 3, what is 202011 - -22?
202110
In base 15, what is e3 + 3?
e6
In base 3, what is 12 + 102001?
102020
In base 15, what is -1 - 16?
-17
In base 7, what is 461 + 5?
466
In base 10, what is 7 - -418?
425
In base 7, what is 10520 - 4?
10